1093 is divided by 215?
213
Calculate the remainder when 7334 is divided by 2358.
260
What is the remainder when 43517 is divided by 156?
149
What is the remainder when 3068 is divided by 171?
161
What is the remainder when 44698 is divided by 44693?
5
Calculate the remainder when 4012 is divided by 161.
148
What is the remainder when 1657598 is divided by 2019?
2018
What is the remainder when 261778 is divided by 909?
895
Calculate the remainder when 11372 is divided by 112.
60
What is the remainder when 4403 is divided by 1894?
615
Calculate the remainder when 6179 is divided by 3082.
15
What is the remainder when 15233 is divided by 206?
195
What is the remainder when 129322 is divided by 20?
2
Calculate the remainder when 12953 is divided by 3071.
669
Calculate the remainder when 844 is divided by 682.
162
What is the remainder when 1466 is divided by 359?
30
Calculate the remainder when 2082 is divided by 1004.
74
Calculate the remainder when 32062 is divided by 32060.
2
What is the remainder when 38369 is divided by 164?
157
Calculate the remainder when 72292 is divided by 12039.
58
Calculate the remainder when 28012 is divided by 386.
220
What is the remainder when 86945 is divided by 5?
0
Calculate the remainder when 1237 is divided by 242.
27
What is the remainder when 550 is divided by 188?
174
Calculate the remainder when 48112 is divided by 11.
9
Calculate the remainder when 26369 is divided by 472.
409
What is the remainder when 515657 is divided by 286?
285
Calculate the remainder when 274130 is divided by 91375.
5
What is the remainder when 14427 is divided by 294?
21
What is the remainder when 149430 is divided by 812?
22
Calculate the remainder when 7512 is divided by 31.
10
Calculate the remainder when 296610 is divided by 26.
2
What is the remainder when 2873 is divided by 712?
25
Calculate the remainder when 105121 is divided by 531.
514
What is the remainder when 5512 is divided by 625?
512
What is the remainder when 1109278 is divided by 24?
22
Calculate the remainder when 12451 is divided by 657.
625
What is the remainder when 767366 is divided by 125?
116
What is the remainder when 1960912 is divided by 618?
616
Calculate the remainder when 94169 is divided by 73.
72
Calculate the remainder when 339613 is divided by 1058.
1053
Calculate the remainder when 257122 is divided by 27.
1
What is the remainder when 193311 is divided by 1111?
1108
What is the remainder when 12948 is divided by 2158?
0
What is the remainder when 158 is divided by 95?
63
What is the remainder when 96153 is divided by 326?
309
What is the remainder when 1608121 is divided by 727?
724
Calculate the remainder when 533 is divided by 51.
23
Calculate the remainder when 859682 is divided by 130.
122
Calculate the remainder when 339195 is divided by 9.
3
What is the remainder when 42122 is divided by 10529?
6
Calculate the remainder when 2989 is divided by 1478.
33
Calculate the remainder when 3385278 is divided by 149.
147
What is the remainder when 21298 is divided by 5299?
102
Calculate the remainder when 1167127 is divided by 169.
13
What is the remainder when 22920 is divided by 735?
135
Calculate the remainder when 6490 is divided by 811.
2
Calculate the remainder when 91827 is divided by 121.
109
Calculate the remainder when 10743 is divided by 128.
119
Calculate the remainder when 188762 is divided by 1258.
62
Calculate the remainder when 4886 is divided by 971.
31
Calculate the remainder when 2914916 is divided by 120.
116
Calculate the remainder when 175 is divided by 92.
83
Calculate the remainder when 1858 is divided by 208.
194
What is the remainder when 1145 is divided by 159?
32
What is the remainder when 2600 is divided by 25?
0
What is the remainder when 8555 is divided by 56?
43
What is the remainder when 130512 is divided by 1950?
1812
What is the remainder when 76503 is divided by 19043?
331
Calculate the remainder when 21636 is divided by 801.
9
What is the remainder when 241136 is divided by 3?
2
What is the remainder when 20666 is divided by 502?
84
Calculate the remainder when 110480 is divided by 27611.
36
Calculate the remainder when 218436 is divided by 111.
99
Calculate the remainder when 77141 is divided by 37.
33
Calculate the remainder when 876 is divided by 15.
6
What is the remainder when 17084 is divided by 8536?
12
What is the remainder when 223 is divided by 123?
100
What is the remainder when 4996 is divided by 4242?
754
Calculate the remainder when 923 is divided by 140.
83
Calculate the remainder when 5484 is divided by 153.
129
Calculate the remainder when 212967 is divided by 15.
12
What is the remainder when 4056 is divided by 1419?
1218
Calculate the remainder when 108775 is divided by 2133.
2125
Calculate the remainder when 3450 is divided by 410.
170
What is the remainder when 60849 is divided by 50?
49
What is the remainder when 105277 is divided by 140?
137
What is the remainder when 32141 is divided by 3212?
21
Calculate the remainder when 334483 is divided by 27.
7
What is the remainder when 68280 is divided by 22682?
234
Calculate the remainder when 26491 is divided by 8824.
19
Calculate the remainder when 142410 is divided by 276.
270
Calculate the remainder when 244137 is divided by 10.
7
Calculate the remainder when 8623 is divided by 134.
47
What is the remainder when 123606 is divided by 526?
522
What is the remainder when 6647 is divided by 201?
14
What is the remainder when 291596 is divided by 450?
446
What is the remainder when 16732 is divided by 99?
1
What is the remainder when 8177 is divided by 88?
81
What is the remainder when 28533 is divided by 21?
15
Calculate the remainder when 4582 is divided by 2274.
34
Calculate the remainder when 1121 is divided by 630.
491
What is the remainder when 138925 is divided by 69454?
17
What is the remainder when 10297 is divided by 5138?
21
Calculate the remainder when 894 is divided by 80.
14
Calculate the remainder when 6471 is divided by 204.
147
Calculate the remainder when 78971 is divided by 3433.
12
Calculate the remainder when 19728 is divided by 25.
3
What is the remainder when 103616 is divided by 1114?
14
Calculate the remainder when 39885 is divided by 35.
20
What is the remainder when 408819 is divided by 5047?
12
Calculate the remainder when 2271 is divided by 237.
138
What is the remainder when 11501155 is divided by 19?
18
What is the remainder when 1194 is divided by 241?
230
Calculate the remainder when 69447 is divided by 75.
72
What is the remainder when 782970 is divided by 782968?
2
Calculate the remainder when 1316884 is divided by 13.
10
What is the remainder when 111871 is divided by 101?
64
Calculate the remainder when 1451360 is divided by 281.
276
Calculate the remainder when 6479 is divided by 30.
29
What is the remainder when 111923 is divided by 73?
14
What is the remainder when 7817 is divided by 2576?
89
Calculate the remainder when 190 is divided by 190.
0
Calculate the remainder when 305894 is divided by 532.
526
What is the remainder when 26081 is divided by 77?
55
Calculate the remainder when 6080 is divided by 6051.
29
Calculate the remainder when 224248 is divided by 50.
48
Calculate the remainder when 6271 is divided by 777.
55
What is the remainder when 341553 is divided by 823?
8
Calculate the remainder when 3220 is divided by 800.
20
Calculate the remainder when 4934 is divided by 409.
26
What is the remainder when 19932 is divided by 399?
381
Calculate the remainder when 5765 is divided by 1438.
13
What is the remainder when 1776 is divided by 4?
0
Calculate the remainder when 711850 is divided by 866.
864
Calculate the remainder when 37458 is divided by 551.
541
What is the remainder when 515187 is divided by 118?
117
What is the remainder when 1329 is divided by 433?
30
Calculate the remainder when 771 is divided by 288.
195
Calculate the remainder when 2224060 is divided by 15.
10
Calculate the remainder when 118542 is divided by 31.
29
Calculate the remainder when 511011 is divided by 243.
225
What is the remainder when 288751 is divided by 13?
8
Calculate the remainder when 56064 is divided by 52.
8
What is the remainder when 6039 is divided by 2?
1
Calculate the remainder when 424406 is divided by 25